(z) = -z**3 + 2*z**2 + z + 1. Let r be s(2). What is the tens digit of 20 + (4 - 3/r)?
2
Let c(v) = -475*v - 737. What is the thousands digit of c(-6)?
2
Let t(b) = -3*b**3 + 90*b**2 + 9*b + 18. What is the hundreds digit of t(30)?
2
Suppose 2*k + 160 = 4*l, 0 = 2*l - 4*l + 2*k + 84. Suppose -3*v - 53 - 25 = 0. Let f = l + v. What is the tens digit of f?
1
Let z = 848 - -349. What is the thousands digit of z?
1
Let m(g) = 3*g - 20. Let v be m(9). Let s(z) = -z**3 + 7*z**2 + 10*z. What is the tens digit of s(v)?
7
Suppose v = -2*w + 2695, -8*v + 3*v + 3*w = -13527. What is the hundreds digit of v?
7
Suppose 5*n + 0*n - 10 = 0. Let j(f) = -17*f**n + 14*f + 0*f**2 - 15 + 0*f**2 + 6*f**2 + f**3. What is the tens digit of j(10)?
2
Let k(o) = o**2 - 4*o - 18. Let m be k(8). Suppose 0 = m*y - 16*y + 300. What is the tens digit of y?
5
Let s(f) = -f**2 - 1. Let j(p) = -9*p**2 - 11*p - 6. Let i(c) = -j(c) - 3*s(c). What is the hundreds digit of i(-4)?
1
Let s(q) = 0 - 8*q + 7*q + 13. Let x be s(6). What is the tens digit of (-9 + x)/((-2)/12)?
1
Let l(a) = a**2 - 10*a + 6. Let f be l(9). Let c be f*(-2 + 88/12). Let z = c - -22. What is the units digit of z?
6
Suppose -4*i = 4, 2*g + 0*i + 4*i + 142 = 0. What is the tens digit of -5 - (-2 + -2) - g?
6
Suppose 33*s - 6880 - 2591 = 0. What is the tens digit of s?
8
Suppose c + 0*y - 4*y - 24 = 0, -3*y = 2*c - 70. Let d = -10 + c. What is the tens digit of d?
2
Let o = 23 + -26. What is the units digit of (-1)/o*(0 + 195)?
5
Suppose 4*z - 20 = 0, -2*g + 5*z = 2*g + 65. Suppose 3*y - 57 = -3. Let s = y + g. What is the units digit of s?
8
Let h = 2703 + -312. What is the hundreds digit of h?
3
What is the hundreds digit of 2/9 - 1111864/(-468)?
3
Let y = -4 + 4. Suppose y = q - 65 + 8. Suppose 3*w - 285 = -q. What is the tens digit of w?
7
Suppose 4*v = 1 + 3. Suppose -5*m + 5*f + v = f, -4*f = -4. What is the units digit of m?
1
Suppose -5*s = 15, 4*o - 2*s - 540 - 1450 = 0. What is the tens digit of o?
9
Suppose -4*w = -15*w. What is the tens digit of (w - -161) + -18 + 15?
5
Let u = -31 - -31. Let j be 3 + 3/(-3) - u. Suppose 5*s - 275 = 4*l, -j*l - 13 = -s + 36. What is the units digit of s?
9
Suppose 0 = 9*k - 8*k - 3. Suppose -k*y + y = 40. Let b = -17 - y. What is the units digit of b?
3
Suppose -4*g + 3*g + 5*t + 50 = 0, -100 = -2*g - t. Suppose -4*c = c - g. Let f = c + 5. What is the units digit of f?
5
Suppose -d + 14 = d + v, -5*v + 22 = 2*d. Let j be (-2)/3 - 2/d. Let z(h) = -4*h + 1. What is the units digit of z(j)?
5
Let d = 26 - -28. Suppose 5*k = -78 - 97. Let b = k + d. What is the units digit of b?
9
Let k(b) = -1. Let o(d) = -39*d + 6. Let s(l) = -15*k(l) + o(l). What is the hundreds digit of s(-4)?
1
Let m(l) = 2*l + 9. Let g be m(-3). Let w be (g/(-9))/((-5)/15). What is the tens digit of w/(-1) + (15 - 2)?
1
Let c be (-13)/(-2) + (-3)/(-6). Let i be (-2 + 0)/(c/(-14)). Suppose 3*p - 26 = i*w, -3*p - 6*w = -w - 35. What is the units digit of p?
0
Let l = 0 - 7. Let c(f) = f**3 + 4*f**2 + 8*f - 1. Let q be c(l). What is the units digit of (-10)/25 - q/10?
0
Let f(p) = 40*p. Let i be f(9). Suppose 0 = -5*y - y + i. What is the units digit of y?
0
What is the units digit of (3 + 24)/((-39)/(-1820))?
0
What is the units digit of ((-29104)/204)/((-4)/45)?
5
Let d(m) = -m**3 + 11*m**2 + 12*m + 4. Let n be d(12). Suppose -2*s - h = -107, 4*s - 2*h = 2*h + 220. Suppose -n*w + s = 6. What is the tens digit of w?
1
Suppose -3*b + 911 = 5*r + 106, -2*r - 4*b + 336 = 0. What is the units digit of r/18 - 16/(-72)?
9
Let o = -20 - -24. Suppose 4 = -y - 5*z, 2*y - o*z + 8 = -z. What is the units digit of y/10 + 246/15?
6
Let l(v) = v**2 + 5*v - 4. Let q be l(-5). Let n be q/14 - 69/(-21). Let o(w) = 2*w**3 - 2*w**2 - 5*w + 2. What is the units digit of o(n)?
3
Suppose 2*g + g - 9 = 0. Let q(n) = -18*n**3 + 1 + n + n**2 - g*n + 22*n**3 + 3*n. What is the tens digit of q(2)?
3
Let x = 19 + -21. Let d be (45/6 + -3)*x. What is the units digit of (-980)/(-45) - 2/d?
2
Let d(q) = 2*q**2 - 4*q - 1. Let p be d(4). Let w = p - 15. Suppose 17 = 2*g + 5*y, -5*g + w*y + 3*y = -58. What is the tens digit of g?
1
Let k(s) = -37*s - 44. Suppose -7 = 3*h + 14. What is the tens digit of k(h)?
1
Suppose -11 = -2*v - 1. Suppose 5*s = -v*g, -7 = -2*s + 3*g + 3. Suppose -t = 2*k - 2*t - 10, -s*k + 3*t + 2 = 0. What is the units digit of k?
7
Let c(u) = -5*u**3 + u**2 + u - 4. What is the tens digit of c(-3)?
3
What is the tens digit of (2 + (-32)/12)*-141?
9
Let v(l) be the second derivative of l**4/2 - l**3/3 - 12*l. What is the units digit of v(3)?
8
Let o = 12 + -20. Let g(j) = 18*j - 4. Let c be g(o). What is the tens digit of (1*-3)/(6/c)?
7
What is the tens digit of -4 + (-10736)/(-6) + (-6)/(-9)?
8
Suppose -5*a = 4*i - 1282 - 1718, 2*a = -8. What is the units digit of i?
5
Let k be 6 + 6/(-2) - -2. Suppose 5*j + 5*f = 35, 0 = -k*f + 3*f + 6. What is the units digit of j/(-2) - 20/(-1)?
8
Let f(v) be the third derivative of -v**5/60 + v**4/12 + 13*v**3/3 - 2*v**2. Let o = -140 - -140. What is the tens digit of f(o)?
2
Let y = 1496 + -790. What is the units digit of y?
6
Suppose 0 = m - 10 + 24. Suppose 0 = -8*h + 3*h - 265. Let r = m - h. What is the tens digit of r?
3
Suppose i + 15 = -19. Let w = 15 - i. Suppose w = 3*z - 59. What is the tens digit of z?
3
Suppose 3*g - 3*u - 1 = 20, g + 3*u = 3. What is the units digit of (43 - g)/(2 + -1) + -3?
4
Let b = 34 + -15. Suppose f - 3*c - b = 0, -10 = 6*c - c. Suppose f*o = 6*o + 133. What is the tens digit of o?
1
Let y(t) = t - 40. Let x be y(25). What is the hundreds digit of ((-110)/x)/(-2 + 74/36)?
1
Let g = 12 - 12. Let i(f) = 0*f**2 + g*f**2 + 6*f - 3 - f**2. What is the units digit of i(4)?
5
Suppose 3*m - 2*j = 34, -6*j + 2*j - 20 = 0. Let d be (14/21)/(-1*2/(-60)). What is the tens digit of (m/d)/((-2)/(-140))?
2
Let x = 13 - 7. Let j be (-3)/(2*x/(-8)). Suppose -j*c - 3*c + 220 = 0. What is the tens digit of c?
4
Suppose -g - 2*g = 3*c - 36, 2*g - 30 = -5*c. Suppose 144 = g*i - 336. What is the tens digit of i?
4
Let a = -27 + 30. Suppose -28 = -2*z - 3*b, 5*z - 49 = -0*b + a*b. What is the tens digit of z?
1
Let s = -3588 + 6234. What is the thousands digit of s?
2
Let z = -73 + 1057. What is the hundreds digit of z?
9
Suppose -3*r + 25346 = 26*r. What is the units digit of r?
4
Let m be (-1)/(-1*(-4)/(-6052)). Suppose 3*z - 7*b + 4*b = 1137, m = 4*z - b. What is the tens digit of (2/(-6))/((-6)/z)?
2
What is the hundreds digit of -3*(151544/6)/(-19)?
9
Let p(a) = 2*a**3 - 22*a**2 + 30*a - 54. What is the hundreds digit of p(15)?
1
Let j(l) = -l**3 - 7*l**2. Let p be j(-7). Suppose p*h = -h + 5. What is the units digit of h?
5
Suppose -g + 533 = 116. What is the tens digit of g?
1
Let z(k) = k**3 - 9*k**2 - 11*k + 10. Let i be z(10). Let p = i + 4. Suppose 5*h - 13 = -p*x, -5*h + 10 - 3 = x. What is the units digit of x?
2
Suppose 4*t = r + 18, -2*t - 4*r - 28 = -7*t. Suppose -n - 5*j = -4*n + 266, 0 = 2*n - t*j - 174. What is the tens digit of n?
9
Let y = -91 + 538. What is the tens digit of y?
4
Suppose -2*v = -k + 6*k - 7, 2*k = -v + 3. Suppose 4*s = 13 - k. Suppose 2*x + 0 = -5*d + 78, s*x - 117 = -d. What is the tens digit of x?
3
Let i be 18*-1*-8 + 0. Let g = 60 - i. What is the tens digit of g/(-4) - 2 - 0?
1
Suppose 0 = -4*x - 4*j + 100, -x - x - 5*j + 65 = 0. Let c = x + -18. Suppose s - c*n = 19, -3*s + 138 = 2*n + 57. What is the units digit of s?
5
Suppose -5*f + 1 = -4*f, -5*r = 5*f - 15. Let w(a) = 0*a + a**3 + 22 + a - a**2 + 0*a**r. What is the tens digit of w(0)?
2
Suppose -2*x - x = 6. Let c = x + 4. Suppose 2*q = 5*y + 20, 4*q - c*y - 29 = -q. What is the units digit of q?
5
What is the hundreds digit of 235/282 + 7694/12?
6
Let o(s) = s - 4. Let x be o(10). Suppose -x = -6*m + 3*m. Suppose m*y + 2*g = 48, g = -4*y + 4*g + 61. What is the tens digit of y?
1
Let o(h) be the third derivative of -h**6/120 - h**5/20 + h**4/4 - h**3/6 + 3*h**2. What is the tens digit of o(-6)?
7
Let x be ((-17)/(-4))/((-2)/(-8)). Suppose 5*d = 3*i + 31, -i - 54 = -5*d - x. What is the units digit of d?
8
Let j(h) = -7*h - 2. Let y be j(-5). Let n = 8 + y. What is the tens digit of n?
4
Suppose 0 = -2*h + 2*o + 5310, 3*o = -2*h - 2*h + 10655. What is 